{"id":193,"date":"2026-01-13T12:04:17","date_gmt":"2026-01-13T12:04:17","guid":{"rendered":"https:\/\/dllr.lett.ubbcluj.ro\/?page_id=193"},"modified":"2026-01-19T09:36:04","modified_gmt":"2026-01-19T09:36:04","slug":"licenta-en-translation","status":"publish","type":"page","link":"https:\/\/dllr.lett.ubbcluj.ro\/?page_id=193&lang=en","title":{"rendered":"Bachelor"},"content":{"rendered":"\n<h2 class=\"wp-block-heading is-style-default\">Bachelor<\/h2>\n\n\n\n<p><\/p>\n\n\n\n<div class=\"wp-block-columns are-vertically-aligned-top is-layout-flex wp-container-core-columns-is-layout-28f84493 wp-block-columns-is-layout-flex\">\n<div class=\"wp-block-column is-vertically-aligned-top is-layout-flow wp-block-column-is-layout-flow\" style=\"flex-basis:33.33%\"><nav class=\"is-responsive  is-vertical wp-block-navigation is-layout-flex wp-container-core-navigation-is-layout-fe9cc265 wp-block-navigation-is-layout-flex\" aria-label=\"enSecondaryNavigationTwo\" \n\t\t data-wp-interactive=\"core\/navigation\" data-wp-context='{\"overlayOpenedBy\":{\"click\":false,\"hover\":false,\"focus\":false},\"type\":\"overlay\",\"roleAttribute\":\"\",\"ariaLabel\":\"Menu\"}'><button aria-haspopup=\"dialog\" aria-label=\"Open menu\" class=\"wp-block-navigation__responsive-container-open\" \n\t\t\t\tdata-wp-on--click=\"actions.openMenuOnClick\"\n\t\t\t\tdata-wp-on--keydown=\"actions.handleMenuKeydown\"\n\t\t\t><svg width=\"24\" height=\"24\" xmlns=\"http:\/\/www.w3.org\/2000\/svg\" viewBox=\"0 0 24 24\" aria-hidden=\"true\" focusable=\"false\"><path d=\"M4 7.5h16v1.5H4z\"><\/path><path d=\"M4 15h16v1.5H4z\"><\/path><\/svg><\/button>\n\t\t\t\t<div class=\"wp-block-navigation__responsive-container\"  id=\"modal-1\" \n\t\t\t\tdata-wp-class--has-modal-open=\"state.isMenuOpen\"\n\t\t\t\tdata-wp-class--is-menu-open=\"state.isMenuOpen\"\n\t\t\t\tdata-wp-watch=\"callbacks.initMenu\"\n\t\t\t\tdata-wp-on--keydown=\"actions.handleMenuKeydown\"\n\t\t\t\tdata-wp-on--focusout=\"actions.handleMenuFocusout\"\n\t\t\t\ttabindex=\"-1\"\n\t\t\t>\n\t\t\t\t\t<div class=\"wp-block-navigation__responsive-close\" tabindex=\"-1\">\n\t\t\t\t\t\t<div class=\"wp-block-navigation__responsive-dialog\" \n\t\t\t\tdata-wp-bind--aria-modal=\"state.ariaModal\"\n\t\t\t\tdata-wp-bind--aria-label=\"state.ariaLabel\"\n\t\t\t\tdata-wp-bind--role=\"state.roleAttribute\"\n\t\t\t>\n\t\t\t\t\t\t\t<button aria-label=\"Close menu\" class=\"wp-block-navigation__responsive-container-close\" \n\t\t\t\tdata-wp-on--click=\"actions.closeMenuOnClick\"\n\t\t\t><svg xmlns=\"http:\/\/www.w3.org\/2000\/svg\" viewBox=\"0 0 24 24\" width=\"24\" height=\"24\" aria-hidden=\"true\" focusable=\"false\"><path d=\"m13.06 12 6.47-6.47-1.06-1.06L12 10.94 5.53 4.47 4.47 5.53 10.94 12l-6.47 6.47 1.06 1.06L12 13.06l6.47 6.47 1.06-1.06L13.06 12Z\"><\/path><\/svg><\/button>\n\t\t\t\t\t\t\t<div class=\"wp-block-navigation__responsive-container-content\" \n\t\t\t\tdata-wp-watch=\"callbacks.focusFirstElement\"\n\t\t\t id=\"modal-1-content\">\n\t\t\t\t\t\t\t\t<ul class=\"wp-block-navigation__container is-responsive  is-vertical wp-block-navigation\"><li class=\" wp-block-navigation-item wp-block-navigation-link\"><a class=\"wp-block-navigation-item__content\"  href=\"https:\/\/dllr.lett.ubbcluj.ro\/?page_id=193&#038;lang=en\"><span class=\"wp-block-navigation-item__label\">Bachelor<\/span><\/a><\/li><li class=\" wp-block-navigation-item wp-block-navigation-link\"><a class=\"wp-block-navigation-item__content\"  href=\"https:\/\/dllr.lett.ubbcluj.ro\/?page_id=196&#038;lang=en\"><span class=\"wp-block-navigation-item__label\">Master<\/span><\/a><\/li><li class=\" wp-block-navigation-item wp-block-navigation-link\"><a class=\"wp-block-navigation-item__content\"  href=\"https:\/\/dllr.lett.ubbcluj.ro\/?page_id=199&#038;lang=en\"><span class=\"wp-block-navigation-item__label\">Doctorate<\/span><\/a><\/li><\/ul>\n\t\t\t\t\t\t\t<\/div>\n\t\t\t\t\t\t<\/div>\n\t\t\t\t\t<\/div>\n\t\t\t\t<\/div><\/nav><\/div>\n\n\n\n<div class=\"wp-block-column is-vertically-aligned-top is-layout-flow wp-block-column-is-layout-flow\" style=\"flex-basis:66.66%\">\n<p class=\"has-contrast-color has-text-color has-link-color wp-elements-fdde40b67cba8af06104f378d185e0d1\"><strong>French Language and Literature<\/strong><\/p>\n\n\n\n<p class=\"has-contrast-color has-text-color has-link-color wp-elements-fc1809bf655ef07edc310cf8bcd6f3d3\"><a href=\"https:\/\/lett.ubbcluj.ro\/curricula-licenta\/curricula-2025-2028\/\">The bachelor&#8217;s degree program<\/a> is offered as a major (A) or minor (B) for high school graduates with beginner, intermediate, or advanced language skills. For students with beginner level, 4 hours of additional training per week are offered free of charge throughout the first year. The program includes courses, seminars, and practical work in the fields of French linguistics and literature, and from the 4th semester onwards, optional courses (in translation, stylistics, cross-disciplinary literary studies, etc.). Students have the opportunity to spend a semester or a year at one of the many French Erasmus+ partner universities and participate in numerous cultural events (the Goncourt literary jury, translation competitions, etc.).<\/p>\n\n\n\n<p class=\"has-contrast-color has-text-color has-link-color wp-elements-22b62efd4ba775c297329669e9e9ddbf\">A degree in French language and literature opens up numerous career opportunities, as France is one of the largest foreign investors in Romania and Francophone culture is omnipresent in our country; French is also the second most taught foreign language in the Romanian education system. Graduates are prepared for a variety of professional fields, which they can explore in their second year during their professional and\/or teaching internship: teaching French, literary translation and editing, cultural mediation, literary criticism, professional communication, etc. Graduates can enhance their skills through master&#8217;s studies in the programs <a href=\"https:\/\/dllr.lett.ubbcluj.ro\/?page_id=196&amp;lang=en\" data-type=\"link\" data-id=\"https:\/\/dllr.lett.ubbcluj.ro\/?page_id=196&amp;lang=en\">Literature and Civilization \u2013 Intercultural Dialogue in the Francophone Space<\/a>, <a href=\"https:\/\/dllr.lett.ubbcluj.ro\/?page_id=196&amp;lang=en\" data-type=\"link\" data-id=\"https:\/\/dllr.lett.ubbcluj.ro\/?page_id=196&amp;lang=en\">Multilingual and Multicultural Communication<\/a>, or <a href=\"https:\/\/dllr.lett.ubbcluj.ro\/?page_id=196&amp;lang=en\" data-type=\"link\" data-id=\"https:\/\/dllr.lett.ubbcluj.ro\/?page_id=196&amp;lang=en\">Current Trends in Linguistics<\/a>.<\/p>\n\n\n\n<p class=\"has-contrast-color has-text-color has-link-color wp-elements-764d46a5a9fc73706905730aa32a87f8\"><strong>Italian Language and Literature<\/strong><\/p>\n\n\n\n<p class=\"has-contrast-color has-text-color has-link-color wp-elements-98797faf71205bf4bacb07b269d171db\"><a href=\"https:\/\/lett.ubbcluj.ro\/curricula-licenta\/curricula-2025-2028\/\">This specialization<\/a> opens the doors to the refined world of Italian culture, offering comprehensive training in language, literature, civilization, and art. Students benefit from courses taught by tenured professors, visiting foreign professors, and Italian lecturers, as well as scholarship programs at renowned universities in Italy and professional internships in cultural, artistic, and educational institutions. The program develops advanced language skills and critical and creative thinking, preparing graduates for careers in education, translation, research, communication, publishing, cultural consulting, and media.<\/p>\n\n\n\n<p><a href=\"https:\/\/lett.ubbcluj.ro\/curricula-licenta\/curricula-2025-2028\/\" data-type=\"link\" data-id=\"https:\/\/lett.ubbcluj.ro\/curricula-licenta\/curricula-2025-2028\/\">The bachelor\u2019s degree program<\/a>\u00a0is offered as a major (A) or minor (B) for high school graduates with<br>beginner, intermediate, or advanced language skills. For students with beginner level, 4 hours of additional training per week are offered free of charge<br>throughout the first year.<\/p>\n\n\n\n<p class=\"has-contrast-color has-text-color has-link-color wp-elements-cd63e85267675586e30287c3f0b428ef\">The academic experience is complemented by a rich extracurricular life: translation circles and competitions, collaborations with cultural magazines, film screenings and performances organized by the Italian Cultural Institute in Bucharest and the Italian Cultural Center, theatrical activities, and participation in major cultural events.<\/p>\n\n\n\n<p class=\"has-contrast-color has-text-color has-link-color wp-elements-2c95c84de654e2e8382ea7b8fca2ea4b\">This specialisation is the choice for free and cultured minds, for those who wish to transform their passion for the Italian language into an authentic intellectual and professional vocation.<\/p>\n\n\n\n<p class=\"has-contrast-color has-text-color has-link-color wp-elements-6dc52cd483731975ee908d6f2d699cb7\"><strong>Spanish Language and Literature<\/strong><\/p>\n\n\n\n<p class=\"has-contrast-color has-text-color has-link-color wp-elements-02491358282299c54dd2b548b49dd03c\"><a href=\"https:\/\/lett.ubbcluj.ro\/curricula-licenta\/curricula-2025-2028\/\">The Spanish Language and Literature bachelor&#8217;s program<\/a> offers the study of Spanish, the most widely spoken Romance language, in both specialization A and B. It prepares students not only for teaching careers in pre-university and university education, but also for careers as translators, researchers, editors, communication specialists, secretaries, documentalists, cultural mediators, publishers, and language consultants.<\/p>\n\n\n\n<p>The program is open to high school graduates with beginner, intermediate, or advanced language skills. For students with beginner level, 4 hours of additional training per week are offered free of charge throughout the first year.<\/p>\n\n\n\n<p class=\"has-contrast-color has-text-color has-link-color wp-elements-464d502552732b49536e48f120cba003\">The subjects studied include courses in Spanish and Latin American language, culture, and literature.<\/p>\n\n\n\n<p class=\"has-contrast-color has-text-color has-link-color wp-elements-4ed23419b197d1abd3b7e0ccd97c4d83\">The Spanish lecturer is involved, along with other members of the Spanish department, in the following extracurricular activities: organizing the Christmas Carol Festival in Romance languages, a short film competition, a literary translation competition from Spanish into Romanian, and Spanish film screenings.<\/p>\n\n\n\n<p class=\"has-contrast-color has-text-color has-link-color wp-elements-8fdde784754acb5f466b974ba6845ee7\"><strong>Portuguese language and literature<\/strong><\/p>\n\n\n\n<p class=\"has-contrast-color has-text-color has-link-color wp-elements-c663c3dd0277a838c7fba04b5f63ece5\">Portuguese is one of the most widely spoken languages in the world, spoken by over 250 million people in the nine countries where it is the official language: Portugal, Brazil, Mozambique, Angola, Cape Verde, S\u00e3o Tom\u00e9 and Pr\u00edncipe, Guinea-Bissau, Equatorial Guinea, and East Timor. It is also a working language in many international institutions and organizations, such as the European Parliament, the European Commission, the European Court of Justice, and the African Union. At the same time, Portuguese is a language of great cultural prestige, thanks to Portuguese authors and writers who express themselves in Portuguese \u2013 Jos\u00e9 Saramago, Fernando Pessoa, Jorge Amado, Mia Couto, Jos\u00e9 Eduardo Agualusa \u2013 whose works enjoy global recognition.<\/p>\n\n\n\n<p class=\"has-contrast-color has-text-color has-link-color wp-elements-b56eaf6b8453dc55aba5829fb1333f8f\"><a href=\"https:\/\/lett.ubbcluj.ro\/curricula-licenta\/curricula-2025-2028\/\">The Portuguese Language and Literature A bachelor&#8217;s program<\/a> trains specialists capable of integrating into international professional and cultural environments by acquiring advanced knowledge of the Portuguese language, cultures, and literature. The program has a strong linguistic and literary component, which allows students to come into contact with different varieties of the language, particularly European and Brazilian Portuguese. Specialized languages are also studied, such as legal Portuguese and economic Portuguese, which are necessary tools for careers in international business or translation.<\/p>\n\n\n\n<p class=\"has-contrast-color has-text-color has-link-color wp-elements-760d3a58900add8ab570f2b26a95aa12\"><strong>International partners:<\/strong><\/p>\n\n\n\n<p class=\"has-contrast-color has-text-color has-link-color wp-elements-a421797b6da1a5daa64e3f021cad0128\"><a href=\"https:\/\/www.instituto-camoes.pt\/en\/\">The Cam\u00f5es Institute in Lisbon<\/a> supports a native lecturer position at UBB and actively supports the Portuguese Language Center by constantly updating its book collection and organizing cultural events.<\/p>\n\n\n\n<p class=\"has-contrast-color has-text-color has-link-color wp-elements-35cc69baddb0f282de5139ed1936e15d\">Erasmus+ partners: University of Porto, University of Coimbra, University of Lisbon, University of Minho, Portuguese Catholic University, University of Madeira, University of the Azores, University of Aveiro, Open University, Federal University of Paran\u00e1 (Brazil)<\/p>\n<\/div>\n<\/div>\n\n\n\n<p><\/p>\n","protected":false},"excerpt":{"rendered":"<p>Bachelor French Language and Literature The bachelor&#8217;s degree program is offered as a major (A) or minor (B) for high school graduates with beginner, intermediate, or advanced language skills. For students with beginner level, 4 hours of additional training per week are offered free of charge throughout the first year. The program includes courses, seminars, [&hellip;]<\/p>\n","protected":false},"author":2,"featured_media":0,"parent":0,"menu_order":15,"comment_status":"closed","ping_status":"closed","template":"en-page","meta":{"footnotes":""},"class_list":["post-193","page","type-page","status-publish","hentry"],"_links":{"self":[{"href":"https:\/\/dllr.lett.ubbcluj.ro\/index.php?rest_route=\/wp\/v2\/pages\/193","targetHints":{"allow":["GET"]}}],"collection":[{"href":"https:\/\/dllr.lett.ubbcluj.ro\/index.php?rest_route=\/wp\/v2\/pages"}],"about":[{"href":"https:\/\/dllr.lett.ubbcluj.ro\/index.php?rest_route=\/wp\/v2\/types\/page"}],"author":[{"embeddable":true,"href":"https:\/\/dllr.lett.ubbcluj.ro\/index.php?rest_route=\/wp\/v2\/users\/2"}],"replies":[{"embeddable":true,"href":"https:\/\/dllr.lett.ubbcluj.ro\/index.php?rest_route=%2Fwp%2Fv2%2Fcomments&post=193"}],"version-history":[{"count":9,"href":"https:\/\/dllr.lett.ubbcluj.ro\/index.php?rest_route=\/wp\/v2\/pages\/193\/revisions"}],"predecessor-version":[{"id":399,"href":"https:\/\/dllr.lett.ubbcluj.ro\/index.php?rest_route=\/wp\/v2\/pages\/193\/revisions\/399"}],"wp:attachment":[{"href":"https:\/\/dllr.lett.ubbcluj.ro\/index.php?rest_route=%2Fwp%2Fv2%2Fmedia&parent=193"}],"curies":[{"name":"wp","href":"https:\/\/api.w.org\/{rel}","templated":true}]}}