{"id":120,"date":"2026-01-12T13:20:06","date_gmt":"2026-01-12T13:20:06","guid":{"rendered":"https:\/\/dllr.lett.ubbcluj.ro\/?page_id=120"},"modified":"2026-01-19T09:10:07","modified_gmt":"2026-01-19T09:10:07","slug":"limba-spaniola-2","status":"publish","type":"page","link":"https:\/\/dllr.lett.ubbcluj.ro\/?page_id=120","title":{"rendered":"Limba Spaniola"},"content":{"rendered":"\n<h2 class=\"wp-block-heading is-style-default\"><strong>Limba \u0219i literatura spaniol\u0103<\/strong><\/h2>\n\n\n\n<div class=\"wp-block-columns are-vertically-aligned-top is-layout-flex wp-container-core-columns-is-layout-28f84493 wp-block-columns-is-layout-flex\">\n<div class=\"wp-block-column is-vertically-aligned-top is-layout-flow wp-block-column-is-layout-flow\" style=\"flex-basis:33.33%\"><nav class=\"is-responsive  is-vertical wp-block-navigation is-layout-flex wp-container-core-navigation-is-layout-fe9cc265 wp-block-navigation-is-layout-flex\" aria-label=\"roSecondaryNavigationOne\" \n\t\t data-wp-interactive=\"core\/navigation\" data-wp-context='{\"overlayOpenedBy\":{\"click\":false,\"hover\":false,\"focus\":false},\"type\":\"overlay\",\"roleAttribute\":\"\",\"ariaLabel\":\"Menu\"}'><button aria-haspopup=\"dialog\" aria-label=\"Open menu\" class=\"wp-block-navigation__responsive-container-open\" \n\t\t\t\tdata-wp-on--click=\"actions.openMenuOnClick\"\n\t\t\t\tdata-wp-on--keydown=\"actions.handleMenuKeydown\"\n\t\t\t><svg width=\"24\" height=\"24\" xmlns=\"http:\/\/www.w3.org\/2000\/svg\" viewBox=\"0 0 24 24\" aria-hidden=\"true\" focusable=\"false\"><path d=\"M4 7.5h16v1.5H4z\"><\/path><path d=\"M4 15h16v1.5H4z\"><\/path><\/svg><\/button>\n\t\t\t\t<div class=\"wp-block-navigation__responsive-container\"  id=\"modal-1\" \n\t\t\t\tdata-wp-class--has-modal-open=\"state.isMenuOpen\"\n\t\t\t\tdata-wp-class--is-menu-open=\"state.isMenuOpen\"\n\t\t\t\tdata-wp-watch=\"callbacks.initMenu\"\n\t\t\t\tdata-wp-on--keydown=\"actions.handleMenuKeydown\"\n\t\t\t\tdata-wp-on--focusout=\"actions.handleMenuFocusout\"\n\t\t\t\ttabindex=\"-1\"\n\t\t\t>\n\t\t\t\t\t<div class=\"wp-block-navigation__responsive-close\" tabindex=\"-1\">\n\t\t\t\t\t\t<div class=\"wp-block-navigation__responsive-dialog\" \n\t\t\t\tdata-wp-bind--aria-modal=\"state.ariaModal\"\n\t\t\t\tdata-wp-bind--aria-label=\"state.ariaLabel\"\n\t\t\t\tdata-wp-bind--role=\"state.roleAttribute\"\n\t\t\t>\n\t\t\t\t\t\t\t<button aria-label=\"Close menu\" class=\"wp-block-navigation__responsive-container-close\" \n\t\t\t\tdata-wp-on--click=\"actions.closeMenuOnClick\"\n\t\t\t><svg xmlns=\"http:\/\/www.w3.org\/2000\/svg\" viewBox=\"0 0 24 24\" width=\"24\" height=\"24\" aria-hidden=\"true\" focusable=\"false\"><path d=\"m13.06 12 6.47-6.47-1.06-1.06L12 10.94 5.53 4.47 4.47 5.53 10.94 12l-6.47 6.47 1.06 1.06L12 13.06l6.47 6.47 1.06-1.06L13.06 12Z\"><\/path><\/svg><\/button>\n\t\t\t\t\t\t\t<div class=\"wp-block-navigation__responsive-container-content\" \n\t\t\t\tdata-wp-watch=\"callbacks.focusFirstElement\"\n\t\t\t id=\"modal-1-content\">\n\t\t\t\t\t\t\t\t<ul class=\"wp-block-navigation__container is-responsive  is-vertical wp-block-navigation\"><li class=\" wp-block-navigation-item is-style-default wp-block-navigation-link\"><a class=\"wp-block-navigation-item__content\"  href=\"https:\/\/dllr.lett.ubbcluj.ro\/?page_id=107\"><span class=\"wp-block-navigation-item__label\">Limba Francez\u0103<\/span><\/a><\/li><li class=\" wp-block-navigation-item is-style-default wp-block-navigation-link\"><a class=\"wp-block-navigation-item__content\"  href=\"https:\/\/dllr.lett.ubbcluj.ro\/?page_id=109\"><span class=\"wp-block-navigation-item__label\">Limba Italian\u0103<\/span><\/a><\/li><li class=\" wp-block-navigation-item is-style-default wp-block-navigation-link\"><a class=\"wp-block-navigation-item__content\"  href=\"https:\/\/dllr.lett.ubbcluj.ro\/?page_id=120\"><span class=\"wp-block-navigation-item__label\">Limba Spaniol\u0103<\/span><\/a><\/li><li class=\" wp-block-navigation-item is-style-default wp-block-navigation-link\"><a class=\"wp-block-navigation-item__content\"  href=\"https:\/\/dllr.lett.ubbcluj.ro\/?page_id=111\"><span class=\"wp-block-navigation-item__label\">Limba Portughez\u0103<\/span><\/a><\/li><\/ul>\n\t\t\t\t\t\t\t<\/div>\n\t\t\t\t\t\t<\/div>\n\t\t\t\t\t<\/div>\n\t\t\t\t<\/div><\/nav><\/div>\n\n\n\n<div class=\"wp-block-column is-vertically-aligned-top is-layout-flow wp-block-column-is-layout-flow\" style=\"flex-basis:66.66%\">\n<p class=\"has-contrast-color has-text-color has-link-color wp-elements-5f03d2a98dcd582f531bd6680c6846ff\">Studiul limbii spaniole a avut la \u00eenceput un caracter facultativ \u00een cadrul Facult\u0103\u0163ii de Filologie din Cluj\u2013Napoca \u00een anii `60-`70 ai secolului XX. \u00cencep\u00e2nd cu 1974 aceast\u0103 limb\u0103 prime\u015fte statutul de specializare B, \u00eens\u0103 a fost desfiin\u0163at\u0103 abuziv \u00een ultimii ani ai dictaturii comuniste. Sec\u0163ia a fost reactivat\u0103 imediat dup\u0103 Revolu\u0163ia din 1989, \u00eencep\u00e2nd cu anul universitar 1990-1991, la \u00eenceput cu o singur\u0103 grup\u0103 de anul I specializare B \u015fi s-a dezvoltat treptat prin cre\u015fterea num\u0103rului de studen\u0163i \u015fcolariza\u0163i. \u00cen 1997, dat fiind interesul mereu cresc\u00e2nd pentru studiul limbii spaniole, limba romanic\u0103 cu cei mai mul\u021bi vorbitori la nivel mondial, s-a \u00eenfiin\u0163at sec\u0163ia de Limb\u0103 \u015fi Literatur\u0103 Spaniol\u0103 specializarea A, care func\u0163ioneaz\u0103 \u00een paralel cu specializarea B.<\/p>\n\n\n\n<p class=\"has-contrast-color has-text-color has-link-color wp-elements-f3e3147aea85ad557578dd88dc5e3b46\"><a href=\"https:\/\/www.bcucluj.ro\/ro\/despre-noi\/filiala\/biblioteca-de-litere-sec%c5%a3ia-spaniol%c4%83\">Biblioteca spaniol\u0103<\/a> a luat fiin\u0163\u0103 \u00een anul 1996 \u00een urma unui protocol semnat de Universitatea Babe\u015f-Bolyai \u015fi Ambasada Spaniei la Bucure\u015fti. Fondurile de carte \u015fi publica\u0163iile periodice ale bibliotecii sunt \u00een majoritate constituite din dona\u0163ii ale Ambasadei Spaniei, ale unor ambasade din \u021b\u0103rile Americii Latine \u0219i dona\u021bii private. Din anul 2024, acesta a fost integrat\u0103 \u00een Sec\u021bia de \u00cemprumut de Bibliotecii Facult\u0103\u021bii de Litere.<\/p>\n\n\n\n<p class=\"has-contrast-color has-text-color has-link-color wp-elements-4552eff0445535c57d1192df241c16ce\">\u00cen cadrul catedrei au predat \u00een anii perioada 1991-2012 lectori spanioli, \u00een baza acordului semnat cu Agencia Espa\u00f1ola de Cooperaci\u00f3n Internacional y Desarrollo. Programul a fost \u00eentrerupt de partea spaniol\u0103, dar a fos reluat \u00een anul universitar 2021-2022.<\/p>\n\n\n\n<p class=\"has-contrast-color has-text-color has-link-color wp-elements-7f3f285c8db9567b151a034730f87371\">Sec\u0163ia beneficiaz\u0103 de numeroase parteneriate Erasmus+, prin care studen\u0163ii au posibilitatea de a studia un semestru sau un an universitar la o prestigioas\u0103 universitate spaniol\u0103. De asemenea, se desf\u0103\u0219oar\u0103 programul CEEPUS, prin intermediul <a href=\"https:\/\/redhispanistaseuropacentral.wordpress.com\/quienes-somos\/\">Red Regional de Hispanistas de Europa Central<\/a>, studen\u021bii put\u00e2nd studia un semestru la una dintre universit\u0103\u021bile participante la program.<\/p>\n\n\n\n<p class=\"has-contrast-color has-text-color has-link-color wp-elements-ba2fd218a75172e462dcb70acea243e9\">Parteneri:<\/p>\n\n\n\n<p class=\"has-contrast-color has-text-color has-link-color wp-elements-8b828fc206d3cf55514b0160791fea4d\"><a href=\"https:\/\/www.exteriores.gob.es\/Embajadas\/bucarest\/ro\/Paginas\/index.aspx\">Ambasada Spaniei la Bucure\u0219ti<\/a><\/p>\n\n\n\n<p class=\"has-contrast-color has-text-color has-link-color wp-elements-5506fc8d868c7bb540cab648aea13f1d\"><a href=\"https:\/\/bucarest.cervantes.es\/ro\/default.shtm\">Institutul Cervantes<\/a><\/p>\n\n\n\n<p class=\"has-contrast-color has-text-color has-link-color wp-elements-24cb58164e57284dbbf89ddf008eb480\"><a href=\"https:\/\/www.exteriores.gob.es\/Embajadas\/bucarest\/ro\/Embajada\/Paginas\/Consulate.aspx\">Consulatul Onorific al Spaniei la Cluj<\/a><\/p>\n\n\n\n<p class=\"has-contrast-color has-text-color has-link-color wp-elements-13d5f96a0608355d7ac96be68ab334f8\"><strong>Parteneri Erasmus+: <\/strong>Universitat Aut\u00f2noma de Barcelona, Universitat de Val\u00e8ncia, Universidad de Sevilla, Universidad de Oviedo, Universidade de Vigo, Universidad de Cantabria, Universitat Rovira i Virgili (Tarragona), Universidade de Santiago de Compostela, Universidad de M\u00e1laga, Universidad de Extremadura, Universidade da Coru\u00f1a, Universidad Nacional de Educaci\u00f3n a Distancia (Madrid), Universidad de Valladolid, Universidad de Ja\u00e9n, Universidad de Murcia, Universidad de Huelva, Universidad de C\u00e1diz, Universidad de Castilla-La Mancha<\/p>\n\n\n\n<p class=\"has-contrast-color has-text-color has-link-color wp-elements-a1bf2fa6fc8921b754dce8a4b07a1b77\"><strong>Acord interuniversitar cu Universitatea din Alicante<\/strong> pentru practica masteranzilor spanioli<\/p>\n\n\n\n<p class=\"has-contrast-color has-text-color has-link-color wp-elements-36152f8c171a1700ed0965fcbe3df2ee\"><a href=\"https:\/\/redhispanistaseuropacentral.wordpress.com\/quienes-somos\/\">Red Regional de Hispanistas de Europa Central<\/a> \u2013 mobilit\u0103\u021bi \u00een \u021b\u0103rile programului: Rom\u00e2nia, Bulgaria, Croa\u021bia, Slovacia, Slovenia, Ungaria, Cehia, Republica Moldova, Serbia<\/p>\n\n\n\n<div style=\"height:20px\" aria-hidden=\"true\" class=\"wp-block-spacer\"><\/div>\n\n\n\n<p class=\"has-contrast-color has-text-color has-link-color wp-elements-76b0d3de5132c85cbd5cd4b578ef1f4b\">Membri:<\/p>\n\n\n\n<p class=\"has-contrast-color has-text-color has-link-color wp-elements-684e6eed64a608db26ca1994df9c7276\"><strong>Conf. univ. dr. Sanda Moraru (coordonator licen\u021b\u0103 limba \u0219i literatura spaniol\u0103)<\/strong><\/p>\n\n\n\n<p class=\"has-contrast-color has-text-color has-link-color wp-elements-d68f12cbf1a273717edd0c43f965ef75\">Domenii de interes: lingvistica spaniol\u0103, traductologia, literatura exilului rom\u00e2nesc \u00een spa\u021biul hispanic, didactica limbii spaniole<\/p>\n\n\n\n<p class=\"has-contrast-color has-text-color has-link-color wp-elements-76f712bc2f2f2dc7244be0d53ffd3420\">email: sanda.moraru@ubbcluj.ro<\/p>\n\n\n\n<p class=\"has-contrast-color has-text-color has-link-color wp-elements-ac9be12a76fffe118e48b5dd332d6770\"><a href=\"https:\/\/dllr.lett.ubbcluj.ro\/wp-content\/uploads\/2026\/01\/MoraruCV.pdf\" data-type=\"attachment\" data-id=\"303\">CV<\/a>&nbsp; <a href=\"https:\/\/dllr.lett.ubbcluj.ro\/wp-content\/uploads\/2026\/01\/MoraruPub.pdf\" data-type=\"attachment\" data-id=\"304\">Lista publica\u021biilor<\/a><\/p>\n\n\n\n<div style=\"height:20px\" aria-hidden=\"true\" class=\"wp-block-spacer\"><\/div>\n\n\n\n<p class=\"has-contrast-color has-text-color has-link-color wp-elements-11d3ee8b2715f6c85834a149e5a37fba\"><strong>Lect. univ. dr Marcos Cort\u00e9s Guadarrama<\/strong><\/p>\n\n\n\n<p class=\"has-contrast-color has-text-color has-link-color wp-elements-0d05cf3d0c5380e9de9367465d800d22\">Domenii de interes: literatura spaniol\u0103 \u0219i hispanoamerican\u0103<\/p>\n\n\n\n<p class=\"has-contrast-color has-text-color has-link-color wp-elements-52a5411ab1c2db1e3594f2419d9272ad\">email: marcos.cortes@ubbcluj.ro<\/p>\n\n\n\n<p class=\"has-contrast-color has-text-color has-link-color wp-elements-c2fb4b3262e19782983a6d3592fadc37\"><a href=\"https:\/\/dllr.lett.ubbcluj.ro\/wp-content\/uploads\/2026\/01\/GuadarramaCV.pdf\" data-type=\"attachment\" data-id=\"291\">CV<\/a>&nbsp; <a href=\"https:\/\/dllr.lett.ubbcluj.ro\/wp-content\/uploads\/2026\/01\/GuadarramaPub.pdf\" data-type=\"attachment\" data-id=\"292\">Lista publica\u021biilor<\/a><\/p>\n\n\n\n<div style=\"height:20px\" aria-hidden=\"true\" class=\"wp-block-spacer\"><\/div>\n\n\n\n<p class=\"has-contrast-color has-text-color has-link-color wp-elements-ef68b9204349a93ef8e3c62a58c014d8\"><strong>Lect. univ. dr. Alina Neme\u0219<\/strong><\/p>\n\n\n\n<p class=\"has-contrast-color has-text-color has-link-color wp-elements-9850bd4c714bbe37c9d9ec635407251a\">Domenii de interes: predarea \u0219i \u00eenv\u0103\u021barea limbilor moderne (generale \u0219i specializate), comunicarea intercultural\u0103, literatura spaniol\u0103 \u0219i hispanoamerican\u0103 contemporan\u0103<\/p>\n\n\n\n<p class=\"has-contrast-color has-text-color has-link-color wp-elements-174dc778c0d7fbba3d65e8d5f999920a\">email: alina.nemes@ubbcluj.ro<\/p>\n\n\n\n<p class=\"has-contrast-color has-text-color has-link-color wp-elements-837d6f165b7c4be89e7dbf3e13d65ed8\"><a href=\"https:\/\/dllr.lett.ubbcluj.ro\/wp-content\/uploads\/2026\/01\/NemesCV.pdf\" data-type=\"attachment\" data-id=\"305\">CV<\/a>&nbsp; <a href=\"https:\/\/dllr.lett.ubbcluj.ro\/wp-content\/uploads\/2026\/01\/NemesPub.pdf\" data-type=\"attachment\" data-id=\"306\">Lista publica\u021biilor<\/a><\/p>\n\n\n\n<div style=\"height:20px\" aria-hidden=\"true\" class=\"wp-block-spacer\"><\/div>\n\n\n\n<p class=\"has-contrast-color has-text-color has-link-color wp-elements-e64084c21bf734def6df6fc41cb942ce\"><strong>Lect. univ. dr. Dan Rujea<\/strong><\/p>\n\n\n\n<p class=\"has-contrast-color has-text-color has-link-color wp-elements-3c4677428e3d882ee255374311085aec\">Domenii de interes: literatura spaniol\u0103, lingvistica spaniol\u0103<\/p>\n\n\n\n<p class=\"has-contrast-color has-text-color has-link-color wp-elements-9343abef1b58889620bd8d943922f399\">email: dan.rujea@ubbcluj.ro<\/p>\n\n\n\n<p class=\"has-contrast-color has-text-color has-link-color wp-elements-a471a559c6e4015a297e9f5567814ba1\"><a href=\"https:\/\/dllr.lett.ubbcluj.ro\/wp-content\/uploads\/2026\/01\/RujeaCV.pdf\" data-type=\"attachment\" data-id=\"314\">CV<\/a>&nbsp; <a href=\"https:\/\/dllr.lett.ubbcluj.ro\/wp-content\/uploads\/2026\/01\/RujeaPub.pdf\" data-type=\"attachment\" data-id=\"315\">Lista publica\u021biilor<\/a><\/p>\n\n\n\n<div style=\"height:20px\" aria-hidden=\"true\" class=\"wp-block-spacer\"><\/div>\n\n\n\n<p class=\"has-contrast-color has-text-color has-link-color wp-elements-987bc4ee3f21b442b8993faf0de554fb\"><strong>Asist. univ. dr. Lumini\u021ba Tunsoiu<\/strong><\/p>\n\n\n\n<p class=\"has-contrast-color has-text-color has-link-color wp-elements-819ab4fda875de85baea073aac06188b\">Domenii de interes: didactica limbii spaniole, lingvistica spaniol\u0103<\/p>\n\n\n\n<p class=\"has-contrast-color has-text-color has-link-color wp-elements-a2bf3686e302a6c5835181e69f98646c\">email: luminita.tunsoiu@ubbcluj.ro<\/p>\n\n\n\n<p class=\"has-contrast-color has-text-color has-link-color wp-elements-1189bc05033d315f275f9258fe057820\"><a href=\"https:\/\/dllr.lett.ubbcluj.ro\/wp-content\/uploads\/2026\/01\/TunsoiuCV.pdf\" data-type=\"attachment\" data-id=\"316\">CV<\/a>&nbsp; <a href=\"https:\/\/dllr.lett.ubbcluj.ro\/wp-content\/uploads\/2026\/01\/TunsoiuPub.pdf\" data-type=\"attachment\" data-id=\"317\">Lista publica\u021biilor<\/a><\/p>\n\n\n\n<div style=\"height:20px\" aria-hidden=\"true\" class=\"wp-block-spacer\"><\/div>\n\n\n\n<p class=\"has-contrast-color has-text-color has-link-color wp-elements-0d31e4019eb139bb90547f1a1d65124a\"><strong>Lector Spania Guillermo Penad\u00e9s Rubio<\/strong><\/p>\n\n\n\n<p class=\"has-contrast-color has-text-color has-link-color wp-elements-5077bfb0d4d0daba59abf788c4b59818\">Domenii de interes: didactica, inteligen\u021ba articifial\u0103<\/p>\n\n\n\n<p class=\"has-contrast-color has-text-color has-link-color wp-elements-13b563487747a7f9dacf3f15673667e4\">email: guillermo.penades@ubbcluj.ro<\/p>\n\n\n\n<p class=\"has-contrast-color has-text-color has-link-color wp-elements-37494fcc87a235604b74a26b6cfeaa78\"><a href=\"https:\/\/dllr.lett.ubbcluj.ro\/wp-content\/uploads\/2026\/01\/PenadesRubioCV.pdf\" data-type=\"attachment\" data-id=\"367\">CV<\/a>&nbsp; <a href=\"https:\/\/dllr.lett.ubbcluj.ro\/wp-content\/uploads\/2026\/01\/PenadesRubioPub.pdf\" data-type=\"attachment\" data-id=\"368\">Lista publica\u021biilor<\/a><\/p>\n<\/div>\n<\/div>\n\n\n\n<p><\/p>\n","protected":false},"excerpt":{"rendered":"<p>Limba \u0219i literatura spaniol\u0103 Studiul limbii spaniole a avut la \u00eenceput un caracter facultativ \u00een cadrul Facult\u0103\u0163ii de Filologie din Cluj\u2013Napoca \u00een anii `60-`70 ai secolului XX. \u00cencep\u00e2nd cu 1974 aceast\u0103 limb\u0103 prime\u015fte statutul de specializare B, \u00eens\u0103 a fost desfiin\u0163at\u0103 abuziv \u00een ultimii ani ai dictaturii comuniste. Sec\u0163ia a fost reactivat\u0103 imediat dup\u0103 Revolu\u0163ia [&hellip;]<\/p>\n","protected":false},"author":2,"featured_media":0,"parent":0,"menu_order":9,"comment_status":"closed","ping_status":"closed","template":"ro-page","meta":{"footnotes":""},"class_list":["post-120","page","type-page","status-publish","hentry"],"_links":{"self":[{"href":"https:\/\/dllr.lett.ubbcluj.ro\/index.php?rest_route=\/wp\/v2\/pages\/120","targetHints":{"allow":["GET"]}}],"collection":[{"href":"https:\/\/dllr.lett.ubbcluj.ro\/index.php?rest_route=\/wp\/v2\/pages"}],"about":[{"href":"https:\/\/dllr.lett.ubbcluj.ro\/index.php?rest_route=\/wp\/v2\/types\/page"}],"author":[{"embeddable":true,"href":"https:\/\/dllr.lett.ubbcluj.ro\/index.php?rest_route=\/wp\/v2\/users\/2"}],"replies":[{"embeddable":true,"href":"https:\/\/dllr.lett.ubbcluj.ro\/index.php?rest_route=%2Fwp%2Fv2%2Fcomments&post=120"}],"version-history":[{"count":8,"href":"https:\/\/dllr.lett.ubbcluj.ro\/index.php?rest_route=\/wp\/v2\/pages\/120\/revisions"}],"predecessor-version":[{"id":379,"href":"https:\/\/dllr.lett.ubbcluj.ro\/index.php?rest_route=\/wp\/v2\/pages\/120\/revisions\/379"}],"wp:attachment":[{"href":"https:\/\/dllr.lett.ubbcluj.ro\/index.php?rest_route=%2Fwp%2Fv2%2Fmedia&parent=120"}],"curies":[{"name":"wp","href":"https:\/\/api.w.org\/{rel}","templated":true}]}}